d p.
50
Suppose 5*a + 84 - 214 = 0. Suppose -1 = -3*v - 10. Let y be (2184/(-63))/(1/v). Calculate the highest common factor of a and y.
26
Let g be (156/16)/((-39)/(-832)). Calculate the greatest common divisor of 26 and g.
26
Suppose 3*n + 5*x = 2*x + 1362, 2238 = 5*n - 3*x. What is the greatest common factor of 25 and n?
25
Let o be (-11)/((-55)/(-45))*(-123)/3. Calculate the highest common factor of o and 27.
9
Let g(a) = -a**2 - a + 2. Let i be g(0). Suppose -i*y = -5*f, 0 = -2*f + y + y - 6. Suppose 3*x - 6 = f*x. What is the highest common factor of 2 and x?
2
Let p(q) = 5*q - 9. Let l be p(-8). Let c = l + 94. What is the greatest common factor of c and 15?
15
Let o(l) = l**2 + 11*l + 16. Suppose 7*h - 13*h - 72 = 0. Let n be o(h). What is the highest common factor of 140 and n?
28
Suppose 0 = -15*b + 260 + 310. Calculate the greatest common factor of 266 and b.
38
Let s be (-72)/(-4) + 6/(-2). Let w(x) = -x**3 - 3*x**2 + 5*x - 16. Let u be w(-5). What is the highest common divisor of s and u?
3
Let d(g) = -2*g**3 - 99*g**2 - 47*g + 104. Let h be d(-49). Calculate the greatest common factor of 202 and h.
2
Let t be (2 - (-16)/(-6))/(2/(-12)). Suppose 112 = -t*d + 160. Calculate the highest common factor of 24 and d.
12
Let q = 2065 - 1915. Calculate the greatest common divisor of q and 1100.
50
Let z = 12 + 49. What is the greatest common factor of 427 and z?
61
Let v be (-4)/(4/3)*2/6. Let m = v - -26. Calculate the highest common divisor of 250 and m.
25
Suppose -52*i + 40*i = -27840. What is the highest common factor of i and 116?
116
Let u(n) = 5*n - 6. Let v be u(6). Suppose 4*q - 4*j - 639 = -j, 10 = -2*j. What is the highest common factor of q and v?
12
Let g(c) = -c + 10. Let x be g(7). Suppose x*o = -v + 2*o + 12, -o = -2*v + 24. Let n = 64 + -40. What is the greatest common divisor of v and n?
12
Let u(c) = -12*c - 7. Let g be u(-5). Suppose -g = -3*o + 46. Let i(r) = 6*r**2 + 16*r + 1. Let h be i(-4). Calculate the highest common factor of o and h.
33
Let g be 5 + 1 - (26 - 56). Calculate the highest common divisor of 144 and g.
36
Let g = -2030 - -2702. Calculate the greatest common factor of g and 105.
21
Suppose j = -4*j + 65. Let m = -194 - -233. Calculate the highest common divisor of j and m.
13
Let c = 1339 - 1329. Let r be 1 + (-1)/(-1 - 0). What is the highest common divisor of c and r?
2
Let o(y) = -7*y**2 + 18*y - 1. Let g be o(2). Calculate the highest common factor of g and 56.
7
Let n(d) = 2*d**2 + 8*d - 4. Let b be n(-6). Let h(o) = -o**3 - 4*o**2 + 7*o + 26. Let r be h(-2). What is the highest common divisor of b and r?
4
Let t be 0/187 + (-37 + 1)*-14. Calculate the greatest common divisor of 1176 and t.
168
Suppose -23*w = 10*w - 1386. Calculate the greatest common factor of 329 and w.
7
Let g = 26 + -6. Let b = -2247 - -2251. What is the highest common factor of g and b?
4
Let z be ((-7)/2)/((-9)/18). Let v(f) = 29*f**2 + f. Let h be v(-1). Calculate the greatest common factor of z and h.
7
Let a(u) = u**2 + u + 3. Let g be a(4). Let z(l) = l**3 - 16*l**2 + 15*l + 23. Let y be z(15). Calculate the highest common factor of y and g.
23
Let c be (-5 - -3 - 7)*(1 + 0). Let h(r) = 4*r**2 + 4*r + 69. Let z be h(c). What is the greatest common factor of z and 51?
51
Suppose i - 5*i - 74 = -n, 2*n + 4*i = 136. Calculate the highest common factor of n and 30.
10
Let j be ((-179760)/(-2450) - 8/14)*20. Calculate the highest common factor of j and 26.
26
Let p = -149 + 157. Let f = 8 - 6. Suppose -r + 6*r - 4*l = 360, 3*r - 216 = -f*l. Calculate the highest common divisor of r and p.
8
Let q(c) = c**3 + 4*c**2 + 2*c + 2. Let t be q(-3). Suppose 2*v - 2*a + t = 7*v, 2*v = 2*a + 2. What is the greatest common divisor of v and 1?
1
Suppose -k - 2*w + 74 = 0, 3*k - 4*w - 183 - 49 = 0. Calculate the greatest common divisor of k and 874.
38
Let m be (-1 - 2/(-2))*-1. Suppose 5*k = r - 59, -3*r + 4*k = -m*r - 232. Suppose -14*f - 12 = -16*f + f. Calculate the highest common factor of f and r.
12
Let x(s) = 105*s + 2. Let z(q) = -q + 1. Let c(r) = -x(r) - 2*z(r). Let a be c(-1). What is the highest common divisor of a and 9?
9
Let s = 788 - 410. What is the highest common divisor of 28 and s?
14
Let m = 1708 + -1674. What is the highest common divisor of m and 1819?
17
Let t(v) = -3*v + 31. Let r be t(5). Suppose -4*w = 23 - 79. Let c = 22 - w. Calculate the greatest common factor of c and r.
8
Suppose g - t - 177 = 0, -4*t - 285 - 73 = -2*g. Calculate the highest common divisor of 75 and g.
25
Suppose -4*m = 5*n - 35, 4*m - 21 = 2*n - 5*n. Suppose r - 143 = 25. Let h be (-42)/4*r/(-36). Calculate the highest common divisor of h and n.
7
Let s be (-4 - 21/12)/(2/(-16)). Suppose -5*t + 2*t + 12 = 0. Let h(l) = l**2 + 3*l - 5. Let n be h(t). Calculate the greatest common divisor of s and n.
23
Suppose 7165 = -67*y + 21637. Calculate the highest common factor of 16 and y.
8
Suppose 0 = -4*g + 5*z + 13106 - 4988, 3*z + 4058 = 2*g. Calculate the highest common factor of 16 and g.
16
Let m = -16 + 29. Let n(h) be the third derivative of h**4/12 + 17*h**3/6 + 13*h**2. Let x be n(11). Calculate the highest common divisor of m and x.
13
Suppose 47*z - 49*z + 8 = 0. Let v be 24*(7 + (z*3)/(-4)). Calculate the highest common divisor of v and 12.
12
Let g(t) = -5*t - 5. Let s be g(-2). Suppose 0 = r - 3*u + 19, r = -0*r - s*u + 5. Let j be 2/(-5) + (-704)/r. Calculate the highest common divisor of j and 10.
10
Let g be (-10)/(-4)*12/15. Suppose -g*s - 30 = -5*s. What is the highest common divisor of s and 25?
5
Suppose 54 = 2*n - 26. Let l = -51 - -61. What is the highest common factor of l and n?
10
Suppose -1 = -3*k + 65. What is the greatest common divisor of 121 and k?
11
Let m(l) = l - 2. Let h be m(5). Suppose -14 = -12*f + 10. Suppose f*q = -5*w + 43 + 353, 0 = q + h*w - 198. What is the highest common divisor of q and 18?
18
Let q = -290 + 291. Calculate the highest common factor of q and 4.
1
Suppose 0*b + b = 483. Calculate the greatest common divisor of b and 21.
21
Let n be -9*(-1 + 5/3). Let g = 34 - n. What is the greatest common factor of g and 8?
8
Suppose -5*u - 66 = -156. What is the highest common factor of 66 and u?
6
Let v be 3/6 + (-2)/(12/(-189)). Let x be v/(-48) - 100/(-18)*3. Calculate the greatest common factor of 4 and x.
4
Suppose 0 = 3*d + 2*t - t + 51, -99 = 5*d - 3*t. Let n(c) = -5*c - 74. Let v be n(d). Let i = 240 + -64. What is the greatest common factor of i and v?
16
Let c be 6/((14/3)/(-7)). Let r be 4/(-3) + (-147)/c. Suppose -2*b = 10, 124 = 4*q - 4*b + 44. What is the highest common factor of r and q?
15
Let t be (-76)/((2 + -3)*4). Let w(x) = -2*x + 7. Let f be w(-6). Calculate the highest common divisor of t and f.
19
Let m(h) = -h**3. Let r(l) = -19*l**3 - l**2 - 2. Let u(y) = 4*m(y) - r(y). Let d be u(2). Let c = -17 - -31. What is the highest common factor of d and c?
14
Let f be -2*1/(-4)*2. Suppose 0 = 5*i - 15, -7*k - i + 139 = -5*k. Suppose 9*u + 5 - k = 0. Calculate the greatest common factor of f and u.
1
Let x be (0 + (-9)/(-4))*-4. Let v = 1569 + -1555. Let o = v + x. Calculate the greatest common divisor of o and 2.
1
Let x(i) = 2*i - i - 5*i. Let w be x(-3). Suppose 13*m - 720 = m. What is the greatest common divisor of w and m?
12
Let o be 3 - 1 - (-20)/4. Let u be 11 - -6*(-3)/6. Suppose -15 = -k - u. Calculate the highest common factor of k and o.
7
Let c be (12/9)/(8/18). Let h(q) = -5*q - 41. Let i(r) = -r - 10. Let z(v) = -4*h(v) + 18*i(v). Let b be z(9). Calculate the highest common factor of c and b.
1
Let v(t) = t**2 - 3*t - 3. Let y be v(5). Let p = 78 + -74. Suppose 2 = 2*l - 2*o, 0*l + p = 4*l - o. What is the greatest common divisor of l and y?
1
Suppose 0 = -3*k + k. Suppose k = -0*r - r + 7. Let v = r + -1. Calculate the highest common divisor of 54 and v.
6
Let d be (12/(-10))/(6/(-405)). What is the greatest common divisor of 27 and d?
27
Let x be (-3)/6 - 7/(-2). Suppose -n - x*n = -1036. Suppose -n + 1051 = 3*t. Calculate the highest common factor of 24 and t.
24
Let o be -7 + 12 + (0 - 3). Suppose -o*f + 128 = 2*u, -4*f - f - 3*u = -320. Let k = 4 - -4. Calculate the greatest common divisor of k and f.
8
Suppose 4*b - 3*g + 424 = 0, 0*b = 2*b + 4*g + 234. L